 - 10) - 50?
-55
-11 + -3 + -16 - (0 - ((5 - 0) + -4))
-29
What is the value of -3 - 14 - (62 - 16 - 84)?
21
Calculate (0 + 14 - (-79 - -195)) + 17.
-85
What is (136 - (-19 - -27)) + -16 - (-6 - -2)?
116
Calculate -39 + 17 + -7 + 21.
-8
What is -1 + 9 - (93 + 14 + -27 + 12)?
-84
Evaluate 3 + 3 - (34 + -49).
21
Calculate 28 + 93 + (-2 + 4 - 2) + (-4 - -2).
119
10 - (16 + -11 + (-8 - 2) - (15 + -17))
13
What is the value of (-2 - (21 - 67)) + (9 - 8) + -10?
35
Calculate 1 + 2 - 10 - (39 - (-12 + 19)).
-39
What is the value of (-4 - (27 - -38)) + 66?
-3
17 + -4 - -52 - (-1 - (4 + 1 + -6))
65
0 - (-11 + -9 + 8 + (36 - -4))
-28
6 + (-7 - -1) - -1 - (-499 + 519)
-19
-192 + 232 - (-5 + -76 - 17)
138
What is 20 + 32 - 7 - 55?
-10
Evaluate 56 - (-3 + 2) - (-116 + 98 - -4).
71
What is (-2 - -30 - -37 - (-1 + -2)) + -2?
66
Evaluate 60 - (-66 + 138) - -19.
7
What is (-1 - 5) + 21 - (334 + -318)?
-1
What is the value of (1880 - 1875) + (2 - 21)?
-14
What is the value of 28 + 7 + 1 - ((-10 - -21 - 17) + -1)?
43
31 - (-13 - -8) - (-164 - -287)
-87
-9 + (-7 + 28 - 6 - 7) - -23
22
What is the value of 4 + -10 - ((-10 - (13 + -14 - 7)) + -27)?
23
What is -3 + 4 - (-78 + 0 + (4 - 16 - -11))?
80
What is (67 - 78) + -33 + -66?
-110
What is the value of -24 + 48 + -52 - (40 + -12)?
-56
What is the value of 8 + 1 - (-3 + (-16 - -26) + -22)?
24
What is 52 - ((-18 - -53) + -50)?
67
Evaluate 69 - 145 - (-2 - 14).
-60
Evaluate (35 - -11 - 55) + 16.
7
What is the value of 20 + -23 - (-5 + 21 + -11)?
-8
Calculate (-34 + 43 - -23) + -78 - (-2 + (0 - -3)).
-47
What is the value of (4 - (-78 - -2)) + 6 + 12 + 10 + -21?
87
Evaluate -9 + 7 + (-3 + 4 - -5) - (3 + 0).
1
Calculate (5 + -13 + 5 - (1 + -36)) + (-727 - -730).
35
63 + (-137 - -55) - 77
-96
What is the value of -2 + 26 - (-452 - -511)?
-35
What is -539 + 551 - (1 - (5 + -3)) - 18?
-5
What is the value of 36 + -1 + -22 - 23 - (1 - -4)?
-15
Calculate 8 - 6 - (0 + -93 + -5 + 43 + -48).
105
Evaluate (-112 - -105) + (23 - 2).
14
Calculate 2 + (446 + -442 - (31 - (-2 - 0))).
-27
(-3 - -26) + 157 + -86
94
18 - (9 + 14 + -19 - 6)
20
Calculate 63 + 83 + -100 + -11.
35
-10 - (-41 - (-22 + -12))
-3
What is the value of (-6 + 1 + 14 - (-12 - -20)) + 3 - 20?
-16
Calculate 46 + (-325 - -335 - ((2 - 0) + 3)).
51
Evaluate 47 - (-1 + 2 + -3 - (-13 - 16 - -19)).
39
What is the value of -53 - (7 + -43) - (-4 + 55 - 1)?
-67
What is the value of (3 - -127) + -71 - (1 - -12)?
46
Evaluate 22 - -1 - (2172 - 2189).
40
Evaluate (-12 - -29) + -70 + (0 - 23).
-76
Calculate 17 + (-66 - -33) + -16.
-32
Calculate (-88 - -65) + 49 + 3 + -5.
24
-74 - (-17 + 28 - 56)
-29
What is -1 + -11 + (-11 - -5 - -14) - 67?
-71
What is the value of 49 - (-6 + 4 + -27 + 45)?
33
Evaluate -12 + 1 + -110 + 29 + (24 - 41) + -4.
-113
106 + -20 + -111 + 137
112
3 - (-212 + 231) - (1 - -1 - -56)
-74
72 + (-86 - 41 - -79)
24
Evaluate 2 - -4 - (53 + 7 + (8 - 17) + -3).
-42
Evaluate 18 - -32 - (3 - (35 - 11)).
71
Calculate 167 + 76 + -166 - 127.
-50
What is the value of -32 - (-32 + -17 + 45 - (3 + 3))?
-22
69 - (-17 + 56) - 77 - (-20 - -2)
-29
(1 - -3) + (28 + -84 - -72) + 9
29
Evaluate -2 + 1 + (165 - 207).
-43
What is the value of -35 - (1 + -8 - (537 - 527))?
-18
What is the value of 25 - 1 - (-84 - (-77 + -17)) - (-75 - 0)?
89
What is -36 - (-32 + 4) - -40?
32
What is the value of (7 - (3 - -1)) + (32 - 18)?
17
Evaluate -64 + -6 + 12 + (79 - 61).
-40
What is the value of (-38 - -133) + -213 - (-6 + -9)?
-103
What is -41 + -10 + 57 + 76?
82
Evaluate 1 + -67 - -8 - (4 + -7).
-55
Evaluate (-11 + 110 + -8 - -16 - 15) + -16.
76
What is (-240 - -221 - (4 + -1 - 1) - -11) + 77?
67
Calculate (-5 + -24 - -26) + (-4 - (0 - -63) - 1).
-71
-62 + -20 + (11 - 4) - (3 + -13 + 4)
-69
Evaluate 24 + 19 + -47 + -26 + 34.
4
-9 + -4 + (73 - 68 - -48)
40
Calculate (522 - 468) + (-107 - -6).
-47
What is -211 + -148 + (-103 - -318)?
-144
Evaluate 54 + 0 + 0 - -1 - (-413 + 410) - 6.
52
What is (-8 - -27) + -3 + 28 - 15 - 15?
14
What is the value of -17 + 19 + (-44 - -20) + 14 + 43?
35
Evaluate -69 + 0 + (-163 + 64 - -71).
-97
What is the value of -1 - -11 - (11 + 18) - (257 - 241)?
-35
Calculate (18 + -5 - 11 - (-1 + 7)) + 16 + 0.
12
-39 + 21 + 4 - 39
-53
(19 - (-89 - (13 - (-15 - -45)))) + -2
89
Evaluate -47 + -28 + 82 + (-4 - -3) + 0 + 17.
23
0 + 42 - ((17 - 10 - 2) + (1 - 8))
44
Evaluate -51 + -50 + (21 - 12).
-92
What is the value of 50 + (-38 + 16 - 1)?
27
What is the value of (50 + 1 - -7) + -12?
46
What is -55 + -27 - (44 - (16 + -3))?
-113
What is (26 - 16) + -21 + (-3 - -10) + 3?
-1
(3 - -2) + -3 + (-14 - -6)
-6
Calculate 6635 + -6630 - (-1 - -13).
-7
Calculate -13 + 41 + -69 - (-9 + 26).
-58
What is the value of (53 - -16) + (-43 - (-23 + 4))?
45
Calculate (304 - 318) + (3 - -70) + 6.
65
Calculate 4 + (-19 - (7 - 14)) + 46 + -6.
32
What is -14 + (11 - (6 - 4)) - (5 + 2)?
-12
What is (5 - (27 + (-28 - -30))) + 36?
12
What is 10 + (69 - 71) - (19 - 0) - -4 - -132?
125
5 - (-3 + 1) - (17 - -22 - 25)
-7
Calculate (-9 - 1) + (30 - -31 - 18 - -16) + 11.
60
Evaluate -86 + (-987 - -979) + (0 - -23).
-71
Calculate (-52 - (6 - 16)) + (238 - 250).
-54
What is the value of 0 + -6 + -2 + 485 + -502?
-25
What is the value of (5 - (-5 - -22)) + (-15 - (-24 - -15))?
-18
What is -14 - (-22 - (38 - -13) - -19)?
40
-47 + (-23 + 74 - 7)
-3
Evaluate -7 - ((-1 - 1) + -2 - ((-75 - -2) + 77)).
1
What is (64 - 180) + 63 + 57?
4
Evaluate 8 - (2 - -1) - (-31 + 17 + 12) - -13.
20
Evaluate 11 + 0 + (2795 - 2797).
9
Evaluate (48 - (-15 + 15)) + -17.
31
Evaluate -9 - -3 - (-78 + 31 - -50).
-9
19 - (-2 - 1 - (-67 + 122 - 6))
71
-69 + (21 - -34) + (16 - (-4 + 2))
4
Evaluate -9 - (-3 - -1 - (-7 - -19)).
5
Evaluate -10 + (-24 - -25) - (89 - 4 - (2 + -2)).
-94
What is 10 + -5 + (45 - (2 + -9 + 26))?
31
Calculate 35 + -30 + -18 - ((17 - -12) + -13).
-29
1 + -5 + (-43 - -84 - 57) + 10
-10
19 + 129 + -85 + -12 + 1 - 0
52
(-7 - (-12 + 8)) + 15 - (1 - 3)
14
Calculate -10 + (-6 - 9) - (-32 + -31).
38
Calculate -17 - (-9 + -89 + 86 + (87 - 1)).
-91
Calculate -22 + 1 + (64 - 18) + -40.
-15
Evaluate 8 + (7 + -7 - (6 + (12 - -14))).
-24
What is 5 + -18 + 53 + (0 - (9 - 6))?
37
Calculate (-12 + (13 - -28) - 63) + 0 + (-2 - -15).
-21
What is the value of 79 + (4 - -1) + (-25 - -16) + -3 - 6?
66
What is (-76 - 0) + (-3815 - -3841)?
-50
Evaluate 0 + 2 - 8 - (127 - (96 + -16)).
-53
Evaluate -39 + (56 - (-37 - -45)).
9
What is 1 + -63 - (-7906 - -7851)?
-7
Calculate -1 + 11 + 46 + -16 + -22 - 1.
17
What is -5 - (-38 + 52 + -30)?
11
Calculate (-1 - -1) + 3 - (1033 + -1035) - -12.
17
Calculate -3 + 2 + (2 - 6) + -44 - -14.
-35
What is 4123 + -4163 + -2 + (-28 - -3)?
-67
What is 0 + -21 + (13 - (-50 - -16))?
26
What is -108 - -49 - 58 - -53?
-64
(-16 + -46 - -79) + (-43 - (-3 - -3))
-26
What is 39 - 7 - ((-13 + 6 - 6) + 18)?
27
(3 + 8 - 5) + (-12 - -27 - 3)
18
Calculate 4 + (11 - (8 + -2)) - (6 - 1 - -69).
-65
Evaluate 8 + 0 + -930 + 950.
28
Calculate (-29 - (-11 - (4 - -7))) + 6 + -2.
-3
-80 - ((-32 - -2) + 5 - (417 + -441))
-79
(118 - 114) + 48 + -1
51
What is the value of (-71 - -96 - (22 - (-1 + 7))) + (-1 - -54)?
62
Calculate 7 - ((-4 - (-3 - 0)) + 2 - (-108 + 100)).
-2
What is the value of -3 - (4 + (6 - 7) + (2 - 6) - 0)?
-2
What is -3 + -100 + 94 - 101?
-110
What is the value of -60 + (7 - (-58 - 9))?
14
What is -11 - (78 + -55 - 45)?
11
Evaluate -8 - -4 - -4 - (12 + (-27 - -26)).
-11
What is 25 + -110 - -69 - ((0 - 1) + 11)?
-26
Calculate (3 - (-54 - (13 - (-6 + 16)))) + -8 - 5.
47
What is the value of -21 - (-30 - -17) - (0 + -2 + -32)?
26
What is the value of -36 - (62 + -96 + 53)?
-55
148 + -42 + (15 - 31 - -6 - (-3 + 6))
93
47 + 7 + (-11 - (-9 - (2 + -21) - 24))
57
Evaluate -8 - ((4 - (-29 - (5 - 14))) + 5 + -8).
-29
34 - (-29 + -35 + 38)
60
Calculate (5 + 51 - -30) + -14 + 33.
105
What is -17 - (124 + -58 + 14)?
-97
Calculate 12 + (-8 - -10 - 49) + (-1 - -20).
-16
What is (48 - 1) + -62 + 31?
16
Calculate 258 + -224 + 0 + -81 + 6 + -18.
-59
Calculate -54 - (52 + -215 + 83).
26
What is the value of (12 - 32 - (-21 - 13)) + -17?
-3
What is the value of (49 - 8) + 13 - (7 + (0 - (-1 - 2)))?
44
Calculate 2 + 83 - (8817 - 8809).
77
Evaluate 37 - (-56 + (-16 - -157)).
-48
Evaluate ((-2 - 15) + (-17 - -3) - -5) + (-15 - -25).